{"id":815,"date":"2020-07-28T07:54:25","date_gmt":"2020-07-28T07:54:25","guid":{"rendered":"http:\/\/dppd.valahia.ro\/?page_id=815"},"modified":"2023-10-02T08:50:12","modified_gmt":"2023-10-02T08:50:12","slug":"echivalari","status":"publish","type":"page","link":"https:\/\/dppd.valahia.ro\/?page_id=815","title":{"rendered":"Echival\u0103ri"},"content":{"rendered":"<div class=\"su-box su-box-style-default\" id=\"\" style=\"border-color:#236172;border-radius:20px;max-width:none\"><div class=\"su-box-title\" style=\"background-color:#5694a5;color:#FFFFFF;border-top-left-radius:18px;border-top-right-radius:18px\"><\/div><div class=\"su-box-content su-u-clearfix su-u-trim\" style=\"border-bottom-left-radius:18px;border-bottom-right-radius:18px\">\n<p style=\"text-align: center;\"><strong>ANUN\u021a<\/strong><\/p>\n<p style=\"text-align: center;\"><strong>Se elibereaz\u0103 atestatele de echivalare a studiilor de scurt\u0103 durat\u0103 cu ciclul I- studii de licen\u021b\u0103 pentru cadrele didactice din \u00eenv\u0103\u021b\u0103m\u00e2ntul preuniversitar<\/strong><\/p>\n<p style=\"text-align: center;\"><strong>Tax\u0103 de eliberare 300 lei<\/strong><\/p>\n<p style=\"text-align: center;\">Str. Aleea Sinaia, nr. 13, Targoviste, Dambovita<\/p>\n<p style=\"text-align: center;\"><strong>PROGRAM PENTRU ELIBERAREA ACTELOR DE STUDII<\/strong><\/p>\n<p style=\"text-align: center;\">Luni \u2013 Joi:\u00a012.00 \u2013 15.00<\/p>\n<p style=\"text-align: center;\">Telefon: 0740 068482<\/p>\n<p style=\"text-align: center;\"><a href=\"http:\/\/dppd.valahia.ro\/wp-content\/uploads\/2023\/07\/rezultate-echivalari-2023.pdf\"><span style=\"color: #000080;\"><strong><span style=\"text-align: left; text-transform: none; text-indent: 0px; letter-spacing: normal; font-family: 'Helvetica Neue',Helvetica,Arial,sans-serif; font-size: 16px; font-style: normal; word-spacing: 0px; display: inline !important; white-space: normal; orphans: 2; widows: 2; float: none; -webkit-text-stroke-width: 0px; background-color: #ffffff;\">Rezultate echivalari pe baz\u0103 de ECTS\/SECT a \u00eenv\u0103\u0163\u0103m\u00e2ntului universitar de scurt\u0103 durat\u0103 2023<\/span><\/strong><\/span><\/a><\/p>\n<p style=\"text-align: center;\"><a href=\"http:\/\/dppd.valahia.ro\/wp-content\/uploads\/2021\/10\/echivalari_2021.pdf\"><span style=\"color: #000080;\"><strong><span style=\"text-align: left; text-transform: none; text-indent: 0px; letter-spacing: normal; font-family: 'Helvetica Neue',Helvetica,Arial,sans-serif; font-size: 16px; font-style: normal; word-spacing: 0px; display: inline !important; white-space: normal; orphans: 2; widows: 2; float: none; -webkit-text-stroke-width: 0px; background-color: #ffffff;\">Rezultate echivalari pe baz\u0103 de ECTS\/SECT a \u00eenv\u0103\u0163\u0103m\u00e2ntului universitar de scurt\u0103 durat\u0103 2021<\/span><\/strong><\/span><\/a><\/p>\n<p style=\"text-align: center;\"><span style=\"color: #000080;\"><strong><a style=\"color: #000080;\" href=\"http:\/\/dppd.valahia.ro\/wp-content\/uploads\/2020\/07\/coduri_rezultate_echivalare_2020.pdf\"><span style=\"text-align: left; text-transform: none; text-indent: 0px; letter-spacing: normal; font-family: 'Helvetica Neue',Helvetica,Arial,sans-serif; font-size: 16px; font-style: normal; word-spacing: 0px; display: inline !important; white-space: normal; orphans: 2; widows: 2; float: none; -webkit-text-stroke-width: 0px; background-color: #ffffff;\">Rezultate echivalari pe baz\u0103 de ECTS\/SECT a \u00eenv\u0103\u0163\u0103m\u00e2ntului universitar de scurt\u0103 durat\u0103 2020<\/span><\/a><\/strong><\/span><\/p>\n<\/div><\/div>\n","protected":false},"excerpt":{"rendered":"","protected":false},"author":2,"featured_media":0,"parent":0,"menu_order":0,"comment_status":"closed","ping_status":"closed","template":"","meta":{"footnotes":""},"class_list":["post-815","page","type-page","status-publish","hentry"],"_links":{"self":[{"href":"https:\/\/dppd.valahia.ro\/index.php?rest_route=\/wp\/v2\/pages\/815","targetHints":{"allow":["GET"]}}],"collection":[{"href":"https:\/\/dppd.valahia.ro\/index.php?rest_route=\/wp\/v2\/pages"}],"about":[{"href":"https:\/\/dppd.valahia.ro\/index.php?rest_route=\/wp\/v2\/types\/page"}],"author":[{"embeddable":true,"href":"https:\/\/dppd.valahia.ro\/index.php?rest_route=\/wp\/v2\/users\/2"}],"replies":[{"embeddable":true,"href":"https:\/\/dppd.valahia.ro\/index.php?rest_route=%2Fwp%2Fv2%2Fcomments&post=815"}],"version-history":[{"count":19,"href":"https:\/\/dppd.valahia.ro\/index.php?rest_route=\/wp\/v2\/pages\/815\/revisions"}],"predecessor-version":[{"id":1851,"href":"https:\/\/dppd.valahia.ro\/index.php?rest_route=\/wp\/v2\/pages\/815\/revisions\/1851"}],"wp:attachment":[{"href":"https:\/\/dppd.valahia.ro\/index.php?rest_route=%2Fwp%2Fv2%2Fmedia&parent=815"}],"curies":[{"name":"wp","href":"https:\/\/api.w.org\/{rel}","templated":true}]}}