{"id":26,"date":"2020-05-30T14:00:19","date_gmt":"2020-05-30T14:00:19","guid":{"rendered":"http:\/\/dppd-test.valahia.ro\/?page_id=26"},"modified":"2025-10-31T07:21:09","modified_gmt":"2025-10-31T07:21:09","slug":"grad-didactic-ii","status":"publish","type":"page","link":"https:\/\/dppd.valahia.ro\/?page_id=26","title":{"rendered":"Gradul didactic II"},"content":{"rendered":"<div class=\"su-box su-box-style-default\" id=\"\" style=\"border-color:#236172;border-radius:20px;max-width:none\"><div class=\"su-box-title\" style=\"background-color:#5694a5;color:#FFFFFF;border-top-left-radius:18px;border-top-right-radius:18px\"><\/div><div class=\"su-box-content su-u-clearfix su-u-trim\" style=\"border-bottom-left-radius:18px;border-bottom-right-radius:18px\">\n<h3 style=\"text-align: center;\"><strong><span style=\"color: #ff0000;\">ANUN\u021a IMPORTANT!<\/span><\/strong><\/h3>\n<p><strong><span style=\"color: #ff0000;\">Se elibereaz\u0103 Certificatele de Grad Didactic II, August 2025<\/span><\/strong><\/p>\n<p><strong>Str. Aleea Sinaia, nr. 13, Targoviste, Dambovita<\/strong><\/p>\n<p><strong>PROGRAM PENTRU ELIBERAREA ACTELOR DE STUDII<\/strong><\/p>\n<p><strong>Luni \u2013 Joi:\u00a012.00 \u2013 15.00<\/strong><\/p>\n<p><strong>\u00cen luna august &#8211; Nu se lucreaz\u0103!<\/strong><\/p>\n<p><strong>Telefon: 0740 068482<\/strong><\/p>\n<p>&nbsp;<\/p>\n<p style=\"text-align: center;\"><strong><span style=\"color: #000080;\">\u00cen aten\u021bia candida\u021bilor \u00eenscri\u0219i la examenul pentru ob\u021binerea gradului didactic II, <\/span><span style=\"color: #000080;\">Contul Universit\u0103\u021bii VALAHIA din T\u00e2rgovi\u0219te\u00a0<\/span><span style=\"color: #000080;\">Beneficiar: UNIVERSITATEA VALAHIA DIN TARGOVISTE <\/span><span style=\"color: #000080;\">Cod fiscal al institu\u0163iei:\u00a04279685 <\/span><span style=\"color: #000080;\">Cont: RO70RNCB0128045419210107 \u2013 deschis la BCR Targoviste<\/span><\/strong><\/p>\n<p style=\"text-align: center;\"><strong>Tax\u0103 \u00eenscriere grad didactic II &#8211; 150 lei achitat\u0103 p\u00e2n\u0103 la data de 31 iulie 2025 (de transmis pe e-mail: dppd@valahia.ro, dovada pl\u0103\u021bii)<\/strong><\/p>\n<p><strong><span style=\"color: #ff0000;\">Cererile pentru \u00eenscriere la cursurile de preg\u0103tire \u00een vederea sus\u021binerii examenului pentru ob\u021binerea gradului didactic II se primesc pe adresa dppd@valahia.ro, \u00een perioada 03.07.2025- 11.07.2025, ora 12. Activit\u0103\u021bile de preg\u0103tire \u00een vederea sus\u021binerii examenului pentru ob\u021binerea gradului didactic II\u00a0 sunt gratuite \u0219i se organizeaz\u0103 \u00een sistem online, numai pentru candida\u021bii \u00eenscri\u0219i la centrul de perfec\u021bionare din Universitatea Valahia, \u00een acord cu programul afi\u0219at.\u00a0<\/span><\/strong><\/p>\n<\/div><\/div>\n<p><span style=\"display: inline !important; float: none; background-color: #ffffff; color: #333333; cursor: text; font-family: Georgia,'Times New Roman','Bitstream Charter',Times,serif; font-size: 16px; font-style: normal; font-variant: normal; font-weight: 400; letter-spacing: normal; orphans: 2; text-align: left; text-decoration: none; text-indent: 0px; text-transform: none; -webkit-text-stroke-width: 0px; white-space: normal; word-spacing: 0px;\"><div class=\"su-box su-box-style-default\" id=\"\" style=\"border-color:#236172;border-radius:20px;max-width:none\"><div class=\"su-box-title\" style=\"background-color:#5694a5;color:#FFFFFF;border-top-left-radius:18px;border-top-right-radius:18px\"><\/div><div class=\"su-box-content su-u-clearfix su-u-trim\" style=\"border-bottom-left-radius:18px;border-bottom-right-radius:18px\"><\/span><\/p>\n<p><a href=\"http:\/\/dppd.valahia.ro\/wp-content\/uploads\/2025\/07\/Programare-sesiune-de-pregatire_gr_did_II_2025-1.pdf\"><strong><span style=\"color: #000080;\">Programarea activit\u0103\u021bilor de preg\u0103tire pentru sustinerea examenului de grad didactic II<\/span><\/strong><\/a><\/p>\n<p><a href=\"http:\/\/dppd.valahia.ro\/wp-content\/uploads\/2025\/05\/F-626.Ed_.2.2020_Cerere-inscriere-grad-didactic-II-2025.pdf\"><strong><span style=\"color: #000080;\">Cerere de \u00eenscriere la cursurile de preg\u0103tire \u00een vederea ob\u021binerii gradului didactic II<\/span><\/strong><\/a><\/p>\n<p><a href=\"http:\/\/dppd.valahia.ro\/wp-content\/uploads\/2025\/06\/Programare-grad-didactic-II.pdf\"><strong><span style=\"color: #000080;\">Programarea examenului pentru obtinerea gradului didactic II<\/span><\/strong><\/a><\/p>\n<p>&nbsp;<\/p>\n<p style=\"text-align: center;\"><strong><span style=\"color: #000080;\">2025<\/span><\/strong><\/p>\n<p><a href=\"http:\/\/dppd.valahia.ro\/wp-content\/uploads\/2025\/08\/Rezultate-finale-profesori.pdf\"><strong><span style=\"color: #000080;\">Rezultate finale grad didactic II- Profesori- sesiunea August 2025<\/span><\/strong><\/a><\/p>\n<p><a href=\"http:\/\/dppd.valahia.ro\/wp-content\/uploads\/2025\/08\/Contestatii-matematica.pdf\"><strong>Rezultate\u00a0 contesta\u021bie grad didactic II- Profesori- matematic\u0103- sesiunea August 2025.<\/strong><\/a><\/p>\n<p><a href=\"http:\/\/dppd.valahia.ro\/wp-content\/uploads\/2025\/08\/Rezultate-metodica-specialitatii-Geografie-Matematica.doc\"><strong><span style=\"color: #000080;\">Rezultate grad didactic II- Geografie, Matematic\u0103- sesiunea August 2025, ora 16,30<\/span><\/strong><\/a><\/p>\n<p><a href=\"http:\/\/dppd.valahia.ro\/wp-content\/uploads\/2025\/08\/Rezultate-metodica-specialitatii-Istorie-Engleza-Romana-Religie.pdf\"><strong><span style=\"color: #000080;\">Rezultate grad didactic II- Istorie, Englez\u0103, Rom\u00e2n\u0103, Religie- sesiunea August 2025, ora 16,05<\/span><\/strong><\/a><\/p>\n<p><a href=\"http:\/\/dppd.valahia.ro\/wp-content\/uploads\/2025\/08\/Rezultate-metodica-specialitatii-Copy.pdf\"><strong><span style=\"color: #000080;\">Rezultate grad didactic II- Chimie, Contabilitate, Educa\u021bie fizic\u0103 \u0219i sport, Fizic\u0103, Marketing, Muzic\u0103, TPPA- sesiunea August 2025, ora 14,50<\/span><\/strong><\/a><\/p>\n<p><strong><span style=\"color: #ff0000;\">Contesta\u021biile se depun\/transmit p\u00e2n\u0103 m\u00e2ine 29 august 2025, ora 9, la sediul DPPD\/pe adresa de email: dppd@valahia.ro<\/span><\/strong><\/p>\n<p>&nbsp;<\/p>\n<p><a href=\"http:\/\/dppd.valahia.ro\/wp-content\/uploads\/2025\/08\/Rezultate-finale-educatori_invatatori-2.pdf\"><strong><span style=\"color: #000080;\">Rezultate finale grad didactic II- Educatori-\u00cenv\u0103\u021b\u0103tori- sesiunea August 2025<\/span><\/strong><\/a><\/p>\n<p><a href=\"http:\/\/dppd.valahia.ro\/wp-content\/uploads\/2025\/08\/CONTESTATIE-INVATATORI.pdf\"><strong><span style=\"color: #000080;\">Rezultate contesta\u021bie grad didactic II- \u00cenv\u0103\u021b\u0103tori- sesiunea August 2025.<\/span><\/strong><\/a><\/p>\n<p><a href=\"http:\/\/dppd.valahia.ro\/wp-content\/uploads\/2025\/08\/CONTESTATIE.pdf\"><strong><span style=\"color: #000080;\">Rezultate contesta\u021bie grad didactic II- Educatori- sesiunea August 2025.<\/span><\/strong><\/a><\/p>\n<p><a href=\"http:\/\/dppd.valahia.ro\/wp-content\/uploads\/2025\/08\/Rezultate-educatori.pdf\"><strong><span style=\"color: #000080;\">Rezultate grad didactic II- Educatori- sesiunea August 2025, ora 19,35<\/span><\/strong><\/a><\/p>\n<p><a href=\"http:\/\/dppd.valahia.ro\/wp-content\/uploads\/2025\/08\/Rezultate-invatatori.pdf\"><strong><span style=\"color: #000080;\">Rezultate grad didactic II- \u00cenv\u0103\u021b\u0103tori- sesiunea August 2025, ora 17,40<\/span><\/strong><\/a><\/p>\n<p><strong><span style=\"color: #ff0000;\">Contesta\u021biile se depun\/transmit p\u00e2n\u0103 m\u00e2ine 27 august 2025, ora 9, la sediul DPPD\/pe adresa de email: dppd@valahia.ro<\/span><\/strong><\/p>\n<p>&nbsp;<\/p>\n<p style=\"text-align: center;\"><strong><span style=\"color: #000080;\">2024<\/span><\/strong><\/p>\n<p><a href=\"http:\/\/dppd.valahia.ro\/wp-content\/uploads\/2024\/08\/Rezultate-finale-2.pdf\"><strong><span style=\"color: #000080;\">Rezultate finale grad didactic II- Educatori-\u00cenv\u0103\u021b\u0103tori- sesiunea August 2024<\/span><\/strong><\/a><\/p>\n<p><a href=\"http:\/\/dppd.valahia.ro\/wp-content\/uploads\/2024\/08\/CONTESTATIE-1-1.pdf\"><strong><span style=\"color: #000080;\">Rezultate contesta\u021bie grad didactic II- \u00cenv\u0103\u021b\u0103tori- sesiunea August 2024.<\/span><\/strong><\/a><\/p>\n<p><a href=\"http:\/\/dppd.valahia.ro\/wp-content\/uploads\/2024\/08\/Rezultate.pdf\"><strong><span style=\"color: #000080;\">Rezultate grad didactic II- Educatori- \u00cenv\u0103\u021b\u0103tori, sesiunea August 2024. Afi\u0219at 29.08.2024, ora 18,52<\/span><\/strong><\/a><\/p>\n<p><strong><span style=\"color: #ff0000;\">Contesta\u021biile se depun\/transmit p\u00e2n\u0103 m\u00e2ine 30 august 2024, ora 9, la sediul DPPD\/pe adresa de email: dppd@valahia.ro<\/span><\/strong><\/p>\n<p><a href=\"http:\/\/dppd.valahia.ro\/wp-content\/uploads\/2023\/08\/CONTESTATIE.pdf\"><strong><span style=\"color: #000080;\">Rezultate contesta\u021bie grad didactic II- Profesori- sesiunea August 2024.<\/span><\/strong><\/a><\/p>\n<p><a href=\"http:\/\/dppd.valahia.ro\/wp-content\/uploads\/2024\/08\/Rezultate-finale-profesori.pdf\"><strong><span style=\"color: #000080;\">Rezultate finale grad didactic II- Profesori- sesiunea August 2024<\/span><\/strong><\/a><\/p>\n<p><a href=\"http:\/\/dppd.valahia.ro\/wp-content\/uploads\/2024\/08\/CONTESTATIE-1.pdf\"><strong><span style=\"color: #000080;\">Rezultate contesta\u021bie grad didactic II- Profesori- sesiunea August 2024.<\/span><\/strong><\/a><\/p>\n<p><a href=\"http:\/\/dppd.valahia.ro\/wp-content\/uploads\/2024\/08\/Rezultate-metodica-specialitatii.pdf\"><strong><span style=\"color: #000080;\">Rezultate grad didactic II- Profesori- sesiunea August 2024. Afi\u0219at 28.08.2024, ora 16,40<\/span><\/strong><\/a><\/p>\n<p><strong><span style=\"color: #ff0000;\">Contesta\u021biile se depun\/transmit p\u00e2n\u0103 m\u00e2ine 29 august 2024, ora 9, la sediul DPPD\/pe adresa de email: dppd@valahia.ro<\/span><\/strong><\/p>\n<p style=\"text-align: center;\"><strong><span style=\"color: #000080;\">2023<\/span><\/strong><\/p>\n<p><a href=\"http:\/\/dppd.valahia.ro\/wp-content\/uploads\/2023\/08\/Rezultate-finale-educatori.pdf\"><strong><span style=\"color: #000080;\">Rezultate finale grad didactic II- Educatori- sesiunea August 2023<\/span><\/strong><\/a><\/p>\n<p><a href=\"http:\/\/dppd.valahia.ro\/wp-content\/uploads\/2023\/08\/Rezultate-finale-invatatori.pdf\"><strong><span style=\"color: #000080;\">Rezultate finale grad didactic II- \u00cenv\u0103\u021b\u0103tori- sesiunea August 2023<\/span><\/strong><\/a><\/p>\n<p><a href=\"http:\/\/dppd.valahia.ro\/wp-content\/uploads\/2023\/08\/Rezultate-metodica-profesori.pdf\"><strong><span style=\"color: #000080;\">Rezultate grad didactic II- Profesori- sesiunea August 2023. Afi\u0219at 30.08.2023, ora 15,30<\/span><\/strong><\/a><\/p>\n<p><a href=\"http:\/\/dppd.valahia.ro\/wp-content\/uploads\/2023\/08\/CONTESTATIE.pdf\"><strong><span style=\"color: #000080;\">Rezultate contesta\u021bie grad didactic II- Profesori- sesiunea August 2023.<\/span><\/strong><\/a><\/p>\n<p><a href=\"http:\/\/dppd.valahia.ro\/wp-content\/uploads\/2023\/08\/Rezultate-finale-profesori.pdf\"><strong><span style=\"color: #000080;\">Rezultate finale grad didactic II- Profesori- sesiunea August 2023<\/span><\/strong><\/a><\/p>\n<p><strong><span style=\"color: #ff0000;\">Contesta\u021biile se depun\/transmit p\u00e2n\u0103 m\u00e2ine 31 august 2023, ora 10, la sediul DPPD\/pe adresa de email: dppd@valahia.ro<\/span><\/strong><\/p>\n<p><span style=\"display: inline !important; float: none; background-color: #ffffff; color: #333333; cursor: text; font-family: Georgia,'Times New Roman','Bitstream Charter',Times,serif; font-size: 16px; font-style: normal; font-variant: normal; font-weight: 400; letter-spacing: normal; orphans: 2; text-align: left; text-decoration: none; text-indent: 0px; text-transform: none; -webkit-text-stroke-width: 0px; white-space: normal; word-spacing: 0px;\"><\/div><\/div><\/span><\/p>\n<div class=\"su-box su-box-style-default\" id=\"\" style=\"border-color:#236172;border-radius:20px;max-width:none\"><div class=\"su-box-title\" style=\"background-color:#5694a5;color:#FFFFFF;border-top-left-radius:18px;border-top-right-radius:18px\"><strong>I. Categoria de personal didactic: Profesori<\/strong><\/div><div class=\"su-box-content su-u-clearfix su-u-trim\" style=\"border-bottom-left-radius:18px;border-bottom-right-radius:18px\">\n<p><strong>Discipline de examen: Metodica pred\u0103rii specialit\u0103\u021bii \/scris: <\/strong><\/p>\n<p><a href=\"http:\/\/dppd.valahia.ro\/wp-content\/uploads\/2024\/06\/Chimie.pdf\"><strong><span style=\"color: #000080;\">Chimie<\/span><\/strong><\/a><br \/>\n<strong><span style=\"color: #000080;\"><a style=\"color: #000080;\" href=\"http:\/\/dppd.valahia.ro\/wp-content\/uploads\/2020\/07\/Contabilitate_grad_didactic_II.pdf\">Contabilitate<\/a><\/span><\/strong><br \/>\n<strong><span style=\"color: #000080;\"><a style=\"color: #000080;\" href=\"http:\/\/dppd.valahia.ro\/wp-content\/uploads\/2020\/07\/Economia_comertului_turismului_si_serviciilor_grad_didactic_II.pdf\">Economia comertului, turismului si serviciilor<\/a><\/span><\/strong><br \/>\n<a href=\"http:\/\/dppd.valahia.ro\/wp-content\/uploads\/2020\/08\/Educa\u021bie-fizic\u0103-\u0219i-sportiv\u0103-gr.II_.pdf\"><strong><span style=\"color: #000080;\">Educatie fizica si sportiva<\/span><\/strong><\/a><br \/>\n<strong><span style=\"color: #000080;\"><a style=\"color: #000080;\" href=\"http:\/\/dppd.valahia.ro\/wp-content\/uploads\/2020\/07\/Electronica_grad_didactic_II.pdf\">Electronica<\/a><\/span><\/strong><br \/>\n<strong><span style=\"color: #000080;\"><a style=\"color: #000080;\" href=\"http:\/\/dppd.valahia.ro\/wp-content\/uploads\/2020\/07\/Engleza_grad_didactic_II.pdf\">Limba si literatura engleza<\/a><\/span><\/strong><br \/>\n<a href=\"http:\/\/dppd.valahia.ro\/wp-content\/uploads\/2024\/06\/Romana-1.pdf\"><strong><span style=\"color: #000080;\">Limba si literatura romana<\/span><\/strong><\/a><br \/>\n<strong><span style=\"color: #000080;\"><a style=\"color: #000080;\" href=\"http:\/\/dppd.valahia.ro\/wp-content\/uploads\/2020\/07\/Finante_banci_grad_didactic_II.pdf\">Finante si Banci<\/a><\/span><\/strong><br \/>\n<a href=\"http:\/\/dppd.valahia.ro\/wp-content\/uploads\/2024\/06\/Fizica_grad_didactic_II.pdf\"><strong><span style=\"color: #000080;\">Fizica<\/span><\/strong><\/a><br \/>\n<strong><span style=\"color: #000080;\"><a style=\"color: #000080;\" href=\"http:\/\/dppd.valahia.ro\/wp-content\/uploads\/2020\/07\/Geografie_grad_didactic_II.pdf\">Geografie<\/a><\/span><\/strong><br \/>\n<strong><span style=\"color: #000080;\"><a style=\"color: #000080;\" href=\"http:\/\/dppd.valahia.ro\/wp-content\/uploads\/2020\/07\/Informatica_grad_didactic_II.pdf\">Informatica<\/a><\/span><\/strong><br \/>\n<strong><span style=\"color: #000080;\"><a style=\"color: #000080;\" href=\"http:\/\/dppd.valahia.ro\/wp-content\/uploads\/2020\/07\/Informatica-de-gestiune_grad_didactic_II.pdf\">Informatica de gestiune<\/a><\/span><\/strong><br \/>\n<a href=\"http:\/\/dppd.valahia.ro\/wp-content\/uploads\/2024\/06\/Istorie.pdf\"><strong><span style=\"color: #000080;\">Istorie<\/span><\/strong><\/a><br \/>\n<a href=\"http:\/\/dppd.valahia.ro\/wp-content\/uploads\/2024\/06\/Management.pdf\"><strong><span style=\"color: #000080;\">Management<\/span><\/strong><\/a><br \/>\n<strong><span style=\"color: #000080;\"><a style=\"color: #000080;\" href=\"http:\/\/dppd.valahia.ro\/wp-content\/uploads\/2020\/07\/Marketing_grad_didactic_II.pdf\">Marketing<\/a><\/span><\/strong><br \/>\n<a href=\"http:\/\/dppd.valahia.ro\/wp-content\/uploads\/2021\/08\/Matematica_grad_didactic_II-1.pdf\"><strong><span style=\"color: #000080;\">Matematica<\/span><\/strong><\/a><br \/>\n<a href=\"http:\/\/dppd.valahia.ro\/wp-content\/uploads\/2024\/06\/Mecanica_grad-II.pdf\"><strong><span style=\"color: #000080;\">Mecanic\u0103<\/span><\/strong><\/a><br \/>\n<strong><span style=\"color: #000080;\"><a style=\"color: #000080;\" href=\"http:\/\/dppd.valahia.ro\/wp-content\/uploads\/2020\/07\/Muzica_grad_didactic_II.pdf\">Muzica<\/a><\/span><\/strong><br \/>\n<a href=\"http:\/\/dppd.valahia.ro\/wp-content\/uploads\/2024\/06\/Religie-ortodoxa.pdf\"><strong><span style=\"color: #000080;\">Religie<\/span><\/strong><\/a><br \/>\n<strong><span style=\"color: #000080;\"><a style=\"color: #000080;\" href=\"http:\/\/dppd.valahia.ro\/wp-content\/uploads\/2020\/07\/TPPA_grad_didactic_II.pdf\">TPPA<\/a><\/span><\/strong><\/p>\n<p><a href=\"http:\/\/dppd.valahia.ro\/wp-content\/uploads\/2020\/07\/Pedagogie_PROFESORI_grad_didactic_II-1.pdf\"><strong><span style=\"color: #000080;\">Pedagogie<\/span><\/strong><\/a><\/p>\n<\/div><\/div>\n<div class=\"su-box su-box-style-default\" id=\"\" style=\"border-color:#236172;border-radius:20px;max-width:none\"><div class=\"su-box-title\" style=\"background-color:#5694a5;color:#FFFFFF;border-top-left-radius:18px;border-top-right-radius:18px\"><strong>II. Categoria de personal didactic: Invatatori\/Institutori\/Profesori pentru Invatamant primar<\/strong><\/div><div class=\"su-box-content su-u-clearfix su-u-trim\" style=\"border-bottom-left-radius:18px;border-bottom-right-radius:18px\">\n<p><strong>Discipline de examen:Metodica predarii limbii si literaturii romane, metodica predarii matematicii\/ scris<\/strong><\/p>\n<p><strong><span style=\"color: #000080;\"><a style=\"color: #000080;\" href=\"http:\/\/dppd.valahia.ro\/wp-content\/uploads\/2020\/07\/1_Metodica_predrii_limbii_i_literaturii_romne_Invatatori_Institutori_Prof_inv_primar.pdf\">1. Metodica pred\u0103rii limbii \u0219i literaturii rom\u00e2ne Invatatori\/Institutori\/Prof. inv. primar<\/a><\/span><\/strong><br \/>\n<strong><span style=\"color: #000080;\"><a style=\"color: #000080;\" href=\"http:\/\/dppd.valahia.ro\/wp-content\/uploads\/2020\/07\/Metodica_predrii_matematicii_Invatatori_Institutori_Prof_inv_primar.pdf\">2. Metodica pred\u0103rii matematicii Invatatori\/Institutori\/Prof. inv.primar<\/a><\/span><\/strong><\/p>\n<p><strong>Discipline de examen: Pedagogie si elemente de psihologie si de sociologie educationala\/ oral:<\/strong><\/p>\n<p><strong><a href=\"http:\/\/dppd.valahia.ro\/wp-content\/uploads\/2020\/07\/3_Pedagogie_si_elemente_de_psihologie_si_de_sociologie_educationala_Invatatori_Institutori_Prof_inv_primar.pdf\"><span style=\"color: #000080;\">Pedagogie si elemente de psihologie si de sociologie educationala Invatatori\/Institutori\/Prof. inv. primar<\/span><\/a><\/strong><\/p>\n<\/div><\/div>\n<div class=\"su-box su-box-style-default\" id=\"\" style=\"border-color:#236172;border-radius:20px;max-width:none\"><div class=\"su-box-title\" style=\"background-color:#5694a5;color:#FFFFFF;border-top-left-radius:18px;border-top-right-radius:18px\"><strong>III. Categoria de personal didactic: Educatoare\/Institutori\/Profesori pentru Invatamant prescolar<\/strong><\/div><div class=\"su-box-content su-u-clearfix su-u-trim\" style=\"border-bottom-left-radius:18px;border-bottom-right-radius:18px\">\n<p><strong>Discipline de examen:Metodica predarii limbii romane si literaturii pentru copii, metodica predarii activitatii instructiv-educative in gradinita de copii\/ scris<\/strong><br \/>\n<strong><span style=\"color: #000080;\"><a style=\"color: #000080;\" href=\"http:\/\/dppd.valahia.ro\/wp-content\/uploads\/2020\/07\/4_Metodica_predrii_limbii_romne_i_literaturii_pentru_copii_Educatoare_Institutori_Prof_inv_prescolar.pdf\">1. Metodica pred\u0103rii limbii rom\u00e2ne \u0219i literaturii pentru copii Educatoare\/Institutori\/Prof. inv.prescolar<\/a><\/span><\/strong><br \/>\n<strong><span style=\"color: #000080;\"><a style=\"color: #000080;\" href=\"http:\/\/dppd.valahia.ro\/wp-content\/uploads\/2020\/07\/5_Metodica_predrii_activitilor_instructiv_educative_n_grdinia_de_copii_Educatoare_Institutori_Prof_inv_prescolar.pdf\">2. Metodica pred\u0103rii activit\u0103\u021bilor instructiv educative \u00een gr\u0103dini\u021ba de copii_Educatoare\/Institutori\/Prof. inv.prescolar<\/a><\/span><\/strong><br \/>\n<strong>Discipline de examen: Pedagogie si elemente de psihologie si de sociologie educationala\/ oral<\/strong><br \/>\n<strong><span style=\"color: #000080;\"><a style=\"color: #000080;\" href=\"http:\/\/dppd.valahia.ro\/wp-content\/uploads\/2020\/07\/6_Pedagogie_si_elemente_de_psihologie_si_de_sociologie_educationala_Educatoare_Institutori_Prof_inv_prescolar.pdf\">Pedagogie si elemente de psihologie si de sociologie educationala_Educatoare\/Institutori\/Prof. inv. prescolar<\/a><\/span><\/strong><\/p>\n<\/div><\/div>\n<p>&nbsp;<\/p>\n<p>&nbsp;<\/p>\n","protected":false},"excerpt":{"rendered":"<p>&nbsp; &nbsp;<\/p>\n","protected":false},"author":2,"featured_media":0,"parent":0,"menu_order":0,"comment_status":"closed","ping_status":"closed","template":"","meta":{"footnotes":""},"class_list":["post-26","page","type-page","status-publish","hentry"],"_links":{"self":[{"href":"https:\/\/dppd.valahia.ro\/index.php?rest_route=\/wp\/v2\/pages\/26","targetHints":{"allow":["GET"]}}],"collection":[{"href":"https:\/\/dppd.valahia.ro\/index.php?rest_route=\/wp\/v2\/pages"}],"about":[{"href":"https:\/\/dppd.valahia.ro\/index.php?rest_route=\/wp\/v2\/types\/page"}],"author":[{"embeddable":true,"href":"https:\/\/dppd.valahia.ro\/index.php?rest_route=\/wp\/v2\/users\/2"}],"replies":[{"embeddable":true,"href":"https:\/\/dppd.valahia.ro\/index.php?rest_route=%2Fwp%2Fv2%2Fcomments&post=26"}],"version-history":[{"count":256,"href":"https:\/\/dppd.valahia.ro\/index.php?rest_route=\/wp\/v2\/pages\/26\/revisions"}],"predecessor-version":[{"id":2836,"href":"https:\/\/dppd.valahia.ro\/index.php?rest_route=\/wp\/v2\/pages\/26\/revisions\/2836"}],"wp:attachment":[{"href":"https:\/\/dppd.valahia.ro\/index.php?rest_route=%2Fwp%2Fv2%2Fmedia&parent=26"}],"curies":[{"name":"wp","href":"https:\/\/api.w.org\/{rel}","templated":true}]}}