{"id":24,"date":"2020-05-30T13:59:53","date_gmt":"2020-05-30T13:59:53","guid":{"rendered":"http:\/\/dppd-test.valahia.ro\/?page_id=24"},"modified":"2026-03-20T11:12:40","modified_gmt":"2026-03-20T11:12:40","slug":"gradul-didactic-i","status":"publish","type":"page","link":"https:\/\/dppd.valahia.ro\/?page_id=24","title":{"rendered":"Gradul didactic I"},"content":{"rendered":"<div class=\"su-box su-box-style-default\" id=\"\" style=\"border-color:#236172;border-radius:20px;max-width:none\"><div class=\"su-box-title\" style=\"background-color:#5694a5;color:#FFFFFF;border-top-left-radius:18px;border-top-right-radius:18px\"><strong>Anun\u021buri<\/strong><\/div><div class=\"su-box-content su-u-clearfix su-u-trim\" style=\"border-bottom-left-radius:18px;border-bottom-right-radius:18px\">\n<p style=\"text-align: center;\"><span style=\"color: #000080;\"><strong>Anun\u021b eliberare certificat grad didactic I<\/strong><\/span><\/p>\n<p><strong>Se elibereaz\u0103 Certificatele de\u00a0 Grad didactic I, seria 2023-2025<\/strong><\/p>\n<p>Str. Aleea Sinaia, nr. 13, Targoviste, Dambovita<\/p>\n<p><strong>PROGRAM PENTRU ELIBERAREA ACTELOR DE STUDII<\/strong><\/p>\n<p>Luni \u2013 Joi:\u00a012.00 \u2013 15.00<\/p>\n<p>\u00cen luna august &#8211; Nu se lucreaz\u0103!<\/p>\n<p>Telefon: 0740 068482<\/p>\n<p>&nbsp;<\/p>\n<\/div><\/div>\n<div class=\"su-box su-box-style-default\" id=\"\" style=\"border-color:#236172;border-radius:20px;max-width:none\"><div class=\"su-box-title\" style=\"background-color:#5694a5;color:#FFFFFF;border-top-left-radius:18px;border-top-right-radius:18px\"><strong>Documente necesare \u00een vederea depunerii lucr\u0103rii metodico-\u015ftiin\u0163<\/strong><strong>ifice<\/strong><\/div><div class=\"su-box-content su-u-clearfix su-u-trim\" style=\"border-bottom-left-radius:18px;border-bottom-right-radius:18px\">\n<ul>\n<li style=\"list-style-type: none;\">\n<ul>\n<li><strong><span style=\"color: #000080;\"><a style=\"color: #000080;\" href=\"http:\/\/dppd.valahia.ro\/wp-content\/uploads\/2020\/06\/GRAD.pdf\">Model copert\u0103<\/a><\/span><\/strong><\/li>\n<li><strong><span style=\"color: #000080;\"><a style=\"color: #000080;\" href=\"http:\/\/dppd.valahia.ro\/wp-content\/uploads\/2020\/06\/aviz.pdf\">Aviz<\/a><\/span><\/strong><\/li>\n<li><strong><span style=\"color: #000080;\"><a style=\"color: #000080;\" href=\"http:\/\/dppd.valahia.ro\/wp-content\/uploads\/2020\/06\/declaratie_de_autenticitate.pdf\">Declara\u021bie de autenticitate<\/a><\/span><\/strong><\/li>\n<li><strong><span style=\"color: #000080;\">Lucrarea metodico-\u015ftiin\u021bifice \u0219i in format PDF\u00a0<\/span><\/strong><\/li>\n<li><a href=\"http:\/\/dppd.valahia.ro\/wp-content\/uploads\/2025\/08\/criterii-de-elaborare-si-evaluare-a-lucrarii-de-gradul-I.pdf\"><strong><span style=\"color: #000080;\">Criterii de elaborare \u0219i evaluare a lucr\u0103rii metodico-\u0219tiin\u021bifice pentru ob\u021binerea gradului didactic I<\/span><\/strong><\/a><\/li>\n<li><span style=\"color: #000080;\"><strong>Lucr\u0103rile metodico-\u015ftiin\u0163ifice se depun p\u00e2n\u0103 la data de 21 august 2026, orele 08.00 \u2013 16.00<\/strong><\/span><\/li>\n<p><span style=\"color: #000080;\"><strong>\u00a0 \u00a0 \u00a0 \u00a0 \u00a0 \u00a0\u00a0<\/strong><\/span><\/div><\/div>\n<div class=\"su-box su-box-style-default\" id=\"\" style=\"border-color:#236172;border-radius:20px;max-width:none\"><div class=\"su-box-title\" style=\"background-color:#5694a5;color:#FFFFFF;border-top-left-radius:18px;border-top-right-radius:18px\"><strong>Gradul didactic I seria 2026-2028<\/strong><\/div><div class=\"su-box-content su-u-clearfix su-u-trim\" style=\"border-bottom-left-radius:18px;border-bottom-right-radius:18px\">\n<p style=\"text-align: center;\"><strong><span style=\"text-align: left; color: #ff0000; text-transform: none; text-indent: 0px; letter-spacing: normal; font-family: 'Helvetica Neue',Helvetica,Arial,sans-serif; font-size: 14pt; font-style: normal; font-variant: normal; text-decoration: none; word-spacing: 0px; display: inline !important; white-space: normal; orphans: 2; float: none; -webkit-text-stroke-width: 0px; background-color: #ffffff;\">Informa\u0163ii la telefon 0769076857<\/span><\/strong><\/p>\n<ul>\n<li><a href=\"http:\/\/dppd.valahia.ro\/wp-content\/uploads\/2026\/03\/F-302.2010-Ed.5-cerere-inscriere-colocviu-grad-didactic-I.pdf\"><span style=\"color: #000080;\"><strong>Fi\u0219a de \u00eenscriere grad I<\/strong><\/span><\/a><\/li>\n<li><a href=\"http:\/\/dppd.valahia.ro\/wp-content\/uploads\/2026\/01\/Precizari-colocviu-gradul-I_DPPD_UVT_2026.pdf\"><span style=\"color: #000080;\"><strong>Precizari_colocviu_gradul_I_DPPD_UVT_2026<\/strong><\/span><\/a><\/li>\n<li><a href=\"http:\/\/dppd.valahia.ro\/wp-content\/uploads\/2026\/02\/Programare-colocviu-gr.-I-comisii-educatori_invatatori_profesori_SITE1.pdf\"><span style=\"color: #000080;\"><strong>Programare_colocviu_gr_I<\/strong><\/span><\/a><\/li>\n<\/ul>\n<p style=\"text-align: center;\"><strong><span style=\"text-align: left; color: #ff0000; text-transform: none; text-indent: 0px; letter-spacing: normal; font-family: 'Helvetica Neue',Helvetica,Arial,sans-serif; font-size: 14pt; font-style: normal; font-variant: normal; text-decoration: none; word-spacing: 0px; display: inline !important; white-space: normal; orphans: 2; float: none; -webkit-text-stroke-width: 0px; background-color: #ffffff;\">Achitarea taxei de \u00eenscriere la colocviu grad I &#8211; 200 lei<\/span><\/strong><\/p>\n<p><strong>Beneficiar: UNIVERSITATEA \u201dVALAHIA\u201d DIN T\u00c2RGOVI\u0218TE<\/strong><\/p>\n<p><strong>\u00a0<\/strong><strong>Cod fiscal al institu\u0163iei: 4279685<\/strong><\/p>\n<p><strong>Cont IBAN: RO70RNCB0128045419210107 \u2013 deschis la BCR Targoviste<\/strong><\/p>\n<\/div><\/div>\n<div class=\"su-box su-box-style-default\" id=\"11\" style=\"border-color:#236172;border-radius:20px;max-width:none\"><div class=\"su-box-title\" style=\"background-color:#5694a5;color:#FFFFFF;border-top-left-radius:18px;border-top-right-radius:18px\"><strong>Tematica pentru colocviu de admitere la gradul didactic I<\/strong><\/div><div class=\"su-box-content su-u-clearfix su-u-trim\" style=\"border-bottom-left-radius:18px;border-bottom-right-radius:18px\">\n<ul>\n<li><a href=\"http:\/\/dppd.valahia.ro\/wp-content\/uploads\/2025\/12\/Tematica-colocviu-gr.-I.-Invatatori_final.pdf\"><span style=\"color: #000080;\"><strong>\u00cenv\u0103\u021b\u0103tori<\/strong><\/span><\/a><\/li>\n<li><a href=\"http:\/\/dppd.valahia.ro\/wp-content\/uploads\/2025\/12\/Tematica-colocviu-gr.-I.-Educatoare_final.pdf\"><span style=\"color: #000080;\"><strong>Educatoare<\/strong><\/span><\/a><\/li>\n<li><a href=\"http:\/\/dppd.valahia.ro\/wp-content\/uploads\/2024\/12\/Tematica-gradul-didactic-I_Chimie.pdf\"><span style=\"color: #000080;\"><strong>Chimie<\/strong><\/span><\/a><\/li>\n<li><a href=\"http:\/\/dppd.valahia.ro\/wp-content\/uploads\/2023\/12\/Contabilitate_Tematica-si-bibiografie-1.pdf\"><span style=\"color: #000080;\"><strong>Contabilitate<\/strong><\/span><\/a><\/li>\n<li><a href=\"http:\/\/dppd.valahia.ro\/wp-content\/uploads\/2023\/12\/ECTS_Tematica-si-bibiografie-1.pdf\"><span style=\"color: #000080;\"><strong>Economia comer\u021bului, turismului \u0219i serviciilor<\/strong><\/span><\/a><\/li>\n<li><a href=\"http:\/\/dppd.valahia.ro\/wp-content\/uploads\/2024\/12\/Tematica-grad-didactic-I_prof_EFS.pdf\"><span style=\"color: #000080;\"><strong>Educa\u021bie fizic\u0103 \u0219i sport<\/strong><\/span><\/a><\/li>\n<li><span style=\"color: #000080;\"><strong>Electronica<\/strong><\/span><\/li>\n<li><span style=\"color: #000080;\"><strong>Electrotehnic\u0103<\/strong><\/span><\/li>\n<li><a href=\"http:\/\/dppd.valahia.ro\/wp-content\/uploads\/2024\/12\/Tematici_Engleza_Prof.pdf\"><span style=\"color: #000080;\"><strong>Englez\u0103<\/strong><\/span><\/a><\/li>\n<li><a href=\"http:\/\/dppd.valahia.ro\/wp-content\/uploads\/2023\/12\/Finante-Banci_Tematica-si-bibiografie-1.pdf\"><span style=\"color: #000080;\"><strong>Finan\u021be b\u0103nci<\/strong><\/span><\/a><\/li>\n<li><a href=\"http:\/\/dppd.valahia.ro\/wp-content\/uploads\/2024\/12\/Tematica-grad-didactic-I_fizica.pdf\"><span style=\"color: #000080;\"><strong>Fizic\u0103<\/strong><\/span><\/a><\/li>\n<li><a href=\"http:\/\/dppd.valahia.ro\/wp-content\/uploads\/2024\/12\/Tematica-gradul-I_geografie-1.pdf\"><span style=\"color: #000080;\"><strong>Geografie<\/strong><\/span><\/a><\/li>\n<li><a href=\"http:\/\/dppd.valahia.ro\/wp-content\/uploads\/2023\/12\/Tematica-gradul-I.pdf\"><span style=\"color: #000080;\"><strong>Informatic\u0103<\/strong><\/span><\/a><\/li>\n<li><a href=\"http:\/\/dppd.valahia.ro\/wp-content\/uploads\/2023\/12\/Info-de-gestiune_Tematica-si-bibiografie-3.pdf\"><span style=\"color: #000080;\"><strong>Informatic\u0103 de gestiune<\/strong><\/span><\/a><\/li>\n<li><a href=\"http:\/\/dppd.valahia.ro\/wp-content\/uploads\/2024\/12\/Tematica-pentru-Gradul-I_Ingineria-materialelor.pdf\"><span style=\"color: #000080;\"><strong>Ingineria materialelor<\/strong><\/span><\/a><\/li>\n<li><a href=\"http:\/\/dppd.valahia.ro\/wp-content\/uploads\/2023\/12\/Tematica-gradul-I_istorie-1.pdf\"><span style=\"color: #000080;\"><strong>Istorie<\/strong><\/span><\/a><\/li>\n<li><a href=\"http:\/\/dppd.valahia.ro\/wp-content\/uploads\/2024\/12\/Tematica-gradul-didactic-I_Matematica.pdf\"><span style=\"color: #000080;\"><strong>Matematic\u0103<\/strong><\/span><\/a><\/li>\n<li><a href=\"http:\/\/dppd.valahia.ro\/wp-content\/uploads\/2023\/12\/Management_Tematica-si-bibliografie-2.pdf\"><span style=\"color: #000080;\"><strong>Management<\/strong><\/span><\/a><\/li>\n<li><a href=\"http:\/\/dppd.valahia.ro\/wp-content\/uploads\/2024\/12\/Marketing_Tematica-si-bibiografie.pdf\"><span style=\"color: #000080;\"><strong>Marketing<\/strong><\/span><\/a><\/li>\n<li><a href=\"http:\/\/dppd.valahia.ro\/wp-content\/uploads\/2024\/12\/Tematica-gradul-didactic-I_Muzica.pdf\"><span style=\"color: #000080;\"><strong>Muzic\u0103<\/strong><\/span><\/a><\/li>\n<li><a href=\"http:\/\/dppd.valahia.ro\/wp-content\/uploads\/2024\/12\/temele-privind-domeniul-de-specialitate-si-didactica-acestuia.pdf\"><span style=\"color: #000080;\"><strong>Religie ortodox\u0103<\/strong><\/span><\/a><\/li>\n<li><a href=\"http:\/\/dppd.valahia.ro\/wp-content\/uploads\/2023\/12\/Tematici_Romana_Prof.pdf\"><span style=\"color: #000080;\"><strong>Rom\u00e2n\u0103<\/strong><\/span><\/a><\/li>\n<li><a href=\"http:\/\/dppd.valahia.ro\/wp-content\/uploads\/2023\/12\/Tematica-si-bibiografie_TPPA.pdf\"><span style=\"color: #000080;\"><strong>TPPA<\/strong><\/span><\/a><span style=\"display: inline !important; float: none; background-color: #ffffff; color: #333333; cursor: text; font-family: Georgia,'Times New Roman','Bitstream Charter',Times,serif; font-size: 16px; font-style: normal; font-variant: normal; font-weight: 400; letter-spacing: normal; orphans: 2; text-align: left; text-decoration: none; text-indent: 0px; text-transform: none; -webkit-text-stroke-width: 0px; white-space: normal; word-spacing: 0px;\"><\/div><\/div><\/span><\/li>\n<\/ul>\n<div class=\"su-box su-box-style-default\" id=\"11\" style=\"border-color:#236172;border-radius:20px;max-width:none\"><div class=\"su-box-title\" style=\"background-color:#5694a5;color:#FFFFFF;border-top-left-radius:18px;border-top-right-radius:18px\"><strong>Teme grad didactic I<\/strong><\/div><div class=\"su-box-content su-u-clearfix su-u-trim\" style=\"border-bottom-left-radius:18px;border-bottom-right-radius:18px\">\n<ul>\n<li><a href=\"http:\/\/dppd.valahia.ro\/wp-content\/uploads\/2025\/12\/Tabel-propuneri-teme-grad-didactic-I_invatatori-1.pdf\"><span style=\"color: #000080;\"><strong>\u00cenv\u0103\u021b\u0103tori<\/strong><\/span><\/a><\/li>\n<li><a href=\"http:\/\/dppd.valahia.ro\/wp-content\/uploads\/2026\/01\/Tabel-propuneri-teme-grad-didactic-I_educatori.pdf\"><span style=\"color: #000080;\"><strong>Educatoare<\/strong><\/span><\/a><\/li>\n<li><a href=\"http:\/\/dppd.valahia.ro\/wp-content\/uploads\/2025\/12\/Tabel-propuneri-teme-grad-didactic-I_chimie.pdf\"><span style=\"color: #000080;\"><strong>Chimie<\/strong><\/span><\/a><\/li>\n<li><a href=\"http:\/\/dppd.valahia.ro\/wp-content\/uploads\/2025\/12\/Tabel-propuneri-teme-grad-didactic-I_contabilitate-1.pdf\"><span style=\"color: #000080;\"><strong>Contabilitate<\/strong><\/span><\/a><\/li>\n<li><a href=\"http:\/\/dppd.valahia.ro\/wp-content\/uploads\/2025\/12\/Tabel-propuneri-teme-grad-didactic-I_ects.pdf\"><span style=\"color: #000080;\"><strong>Economia comer\u021bului, turismului \u0219i serviciilor<\/strong><\/span><\/a><\/li>\n<li><a href=\"http:\/\/dppd.valahia.ro\/wp-content\/uploads\/2025\/12\/Tabel-propuneri-teme-grad-didactic-I_efs.pdf\"><span style=\"color: #000080;\"><strong>Educa\u021bie fizic\u0103 \u0219i sport<\/strong><\/span><\/a><\/li>\n<li><span style=\"color: #000080;\"><strong>Electronica<\/strong><\/span><\/li>\n<li><span style=\"color: #000080;\"><strong>Electrotehnic\u0103<\/strong><\/span><\/li>\n<li><a href=\"http:\/\/dppd.valahia.ro\/wp-content\/uploads\/2025\/12\/Tabel-propuneri-teme-grad-didactic-I_engleza.pdf\"><span style=\"color: #000080;\"><strong>Englez\u0103<\/strong><\/span><\/a><\/li>\n<li><a href=\"http:\/\/dppd.valahia.ro\/wp-content\/uploads\/2025\/12\/Tabel-propuneri-teme-grad-didactic-I_finante-si-banci.pdf\"><span style=\"color: #000080;\"><strong>Finan\u021be b\u0103nci<\/strong><\/span><\/a><\/li>\n<li><a href=\"http:\/\/dppd.valahia.ro\/wp-content\/uploads\/2025\/12\/Tabel-propuneri-teme-grad-didactic-I_fizica.pdf\"><span style=\"color: #000080;\"><strong>Fizic\u0103<\/strong><\/span><\/a><\/li>\n<li><a href=\"http:\/\/dppd.valahia.ro\/wp-content\/uploads\/2025\/12\/Tabel-propuneri-teme-grad-didactic-I_geografie.pdf\"><span style=\"color: #000080;\"><strong>Geografie<\/strong><\/span><\/a><\/li>\n<li><a href=\"http:\/\/dppd.valahia.ro\/wp-content\/uploads\/2025\/12\/Tabel-propuneri-teme-grad-didactic-I-Informatica-1.pdf\"><span style=\"color: #000080;\"><strong>Informatic\u0103<\/strong><\/span><\/a><\/li>\n<li><a href=\"http:\/\/dppd.valahia.ro\/wp-content\/uploads\/2025\/12\/Tabel-propuneri-teme-grad-didactic-I_informatica-de-gestiune.pdf\"><span style=\"color: #000080;\"><strong>Informatic\u0103 de gestiune<\/strong><\/span><\/a><\/li>\n<li><a href=\"http:\/\/dppd.valahia.ro\/wp-content\/uploads\/2025\/12\/Tabel-propuneri-teme-grad-didactic-I_fimm.pdf\"><span style=\"color: #000080;\"><strong>Ingineria materialelor<\/strong><\/span><\/a><\/li>\n<li><a href=\"http:\/\/dppd.valahia.ro\/wp-content\/uploads\/2025\/12\/Tabel-propuneri-teme-grad-didactic-I_istorie.pdf\"><span style=\"color: #000080;\"><strong>Istorie<\/strong><\/span><\/a><\/li>\n<li><a href=\"http:\/\/dppd.valahia.ro\/wp-content\/uploads\/2026\/01\/Tabel-propuneri-teme-grad-didactic-I_matematica-1.pdf\"><span style=\"color: #000080;\"><strong>Matematic\u0103<\/strong><\/span><\/a><\/li>\n<li><a href=\"http:\/\/dppd.valahia.ro\/wp-content\/uploads\/2025\/12\/Tabel-propuneri-teme-grad-didactic-I_management.pdf\"><span style=\"color: #000080;\"><strong>Management<\/strong><\/span><\/a><\/li>\n<li><a href=\"http:\/\/dppd.valahia.ro\/wp-content\/uploads\/2026\/01\/Tabel-propuneri-teme-grad-didactic-I_marketing.pdf\"><span style=\"color: #000080;\"><strong>Marketing<\/strong><\/span><\/a><\/li>\n<li><a href=\"http:\/\/dppd.valahia.ro\/wp-content\/uploads\/2025\/12\/Tabel-propuneri-teme-grad-didactic-I_muzica.pdf\"><span style=\"color: #000080;\"><strong>Muzic\u0103<\/strong><\/span><\/a><\/li>\n<li><a href=\"http:\/\/dppd.valahia.ro\/wp-content\/uploads\/2025\/12\/Tabel-propuneri-teme-grad-didactic-I_top.pdf\"><span style=\"color: #000080;\"><strong>Religie ortodox\u0103<\/strong><\/span><\/a><\/li>\n<li><a href=\"http:\/\/dppd.valahia.ro\/wp-content\/uploads\/2026\/01\/Tabel-propuneri-teme-grad-didactic-I_romana.pdf\"><span style=\"color: #000080;\"><strong>Rom\u00e2n\u0103<\/strong><\/span><\/a><\/li>\n<li><a href=\"http:\/\/dppd.valahia.ro\/wp-content\/uploads\/2025\/12\/Tabel-propuneri-teme-grad-didactic-I_fimsa.pdf\"><span style=\"color: #000080;\"><strong>TPPA<\/strong><\/span><\/a><span style=\"color: #000080;\"><strong>\u00a0<\/strong><\/span><span style=\"display: inline !important; float: none; background-color: #ffffff; color: #333333; cursor: text; font-family: Georgia,'Times New Roman','Bitstream Charter',Times,serif; font-size: 16px; font-style: normal; font-variant: normal; font-weight: 400; letter-spacing: normal; orphans: 2; text-align: left; text-decoration: none; text-indent: 0px; text-transform: none; -webkit-text-stroke-width: 0px; white-space: normal; word-spacing: 0px;\"><\/div><\/div><\/span><\/li>\n<\/ul>\n","protected":false},"excerpt":{"rendered":"","protected":false},"author":2,"featured_media":0,"parent":0,"menu_order":0,"comment_status":"closed","ping_status":"closed","template":"","meta":{"footnotes":""},"class_list":["post-24","page","type-page","status-publish","hentry"],"_links":{"self":[{"href":"https:\/\/dppd.valahia.ro\/index.php?rest_route=\/wp\/v2\/pages\/24","targetHints":{"allow":["GET"]}}],"collection":[{"href":"https:\/\/dppd.valahia.ro\/index.php?rest_route=\/wp\/v2\/pages"}],"about":[{"href":"https:\/\/dppd.valahia.ro\/index.php?rest_route=\/wp\/v2\/types\/page"}],"author":[{"embeddable":true,"href":"https:\/\/dppd.valahia.ro\/index.php?rest_route=\/wp\/v2\/users\/2"}],"replies":[{"embeddable":true,"href":"https:\/\/dppd.valahia.ro\/index.php?rest_route=%2Fwp%2Fv2%2Fcomments&post=24"}],"version-history":[{"count":307,"href":"https:\/\/dppd.valahia.ro\/index.php?rest_route=\/wp\/v2\/pages\/24\/revisions"}],"predecessor-version":[{"id":2965,"href":"https:\/\/dppd.valahia.ro\/index.php?rest_route=\/wp\/v2\/pages\/24\/revisions\/2965"}],"wp:attachment":[{"href":"https:\/\/dppd.valahia.ro\/index.php?rest_route=%2Fwp%2Fv2%2Fmedia&parent=24"}],"curies":[{"name":"wp","href":"https:\/\/api.w.org\/{rel}","templated":true}]}}